3. Calculate d(u).
-2
Suppose t = 3*f - 12, 5*f - 12 = 2*f - 3*t. Let y(w) = -2*w - 97. Let v(i) = i + 42. Let b(g) = -7*v(g) - 3*y(g). Calculate b(f).
-7
Let j = -55 - -52. Let l(x) = 2*x**2 - 13*x - 12. Let a(w) be the first derivative of -w**3/3 + 6*w**2 + 11*w + 2. Let c(s) = j*a(s) - 2*l(s). Give c(-8).
7
Let w(s) be the third derivative of -s**4/6 - 2*s**3/3 - s**2. Let k be (-6)/(0 - (0 + 1) - 2). Suppose 10*m - 11*m + 3*v = 10, k*v - 8 = m. What is w(m)?
12
Let v(t) = t + 9*t**2 - 3*t**2 - 3 - t**3 + 1. Let a = 114 + -37. Suppose 0 = 8*z - a + 29. Determine v(z).
4
Let o(t) be the first derivative of 2*t**2 + 6*t + 382. Give o(-5).
-14
Let k(b) = 21*b**2 + 4*b - 2. Let p(d) = -20*d**2 - 5*d + 3. Let o(l) = -4*k(l) - 3*p(l). Determine o(-1).
-24
Let s(w) be the second derivative of -w**8/6720 + w**7/1260 + w**6/360 - w**5/120 + 11*w**4/12 - 8*w. Let v(z) be the third derivative of s(z). Calculate v(2).
3
Let s(m) = -171*m**2 - 12*m + m**3 - 15 + 162*m**2 + 22*m. Calculate s(8).
1
Let m(x) = x - 2. Let v(p) = -p**3 - 10*p**2 - 10*p - 10. Let w be v(-9). Let z be 4/(-1) - (-14 - w). Suppose n = -n + a - z, -4 = 4*a. Give m(n).
-7
Suppose -4*t = -3*g + 18, g = 3*g + 3*t + 5. Let b = 4 - g. Suppose 4*v - z = -9, 0 = 3*v - z + 4 + b. Let l(m) = -m - 1. Calculate l(v).
2
Let r(y) = 3*y + 4. Let x(u) = u**2 + 12*u + 27. Let w be x(-5). What is r(w)?
-20
Suppose 7*h - 20 = 2*h. Suppose 5*b = -0*r - 4*r, h*r = 4*b + 36. Let d(k) = -7*k + 3. Let o(z) = 6*z - 3. Let w(n) = r*d(n) + 6*o(n). Determine w(4).
1
Let d be (-2)/(-6)*0 - 0. Let l = -4 - d. Let v(w) be the third derivative of w**5/60 + w**4/3 + 2*w**3/3 + w**2. Calculate v(l).
-12
Let y be 12/20*(17 + 3). Suppose 5 = -7*z + y*z. Let a(d) = z + 8 - 2 - d - 4. Determine a(4).
-1
Let d(j) = -j + 2. Suppose -5 + 2 = -q. Let h = -6 + 13. Suppose -h*u + 4 = -q*u - 4*o, -5*o - 5 = 4*u. Calculate d(u).
2
Let j(r) = -2 + 8 + 162*r - 6 - 160*r. Calculate j(-2).
-4
Let x(q) = -3*q**2 + 22*q - 27. Let h be x(6). Let z(u) = -3*u**2 - 6*u + 3. Calculate z(h).
-6
Let y(w) = w**3 + 13*w**2 + w + 19. Let h(a) = 35*a + 372. Let o be h(-11). Determine y(o).
6
Let l(k) = -57 + 108 - 51 - 4*k. What is l(-2)?
8
Let s = 530 - 527. Let x(m) = -m**3 + 2*m**2 + 6*m - 7. What is x(s)?
2
Let i be 6 + (12/(-2) - 11/(-22)). Let z(u) be the second derivative of 10*u + 1/4*u**4 - i*u**3 + 0 + 3/2*u**2 - 1/10*u**5. Give z(2).
-7
Let w(t) = 3*t**2 + t - 4. Let r(o) = -5*o**2 - 2*o + 7. Let z(b) = -4*r(b) - 7*w(b). Determine z(2).
-2
Suppose -4*u - 8 = k, -5*k + 4 = 2*u - 10. Let w(v) = 2*v. Let q(m) = -1. Let d be ((-12)/10)/((-18)/(-60)). Let g(h) = d*q(h) - w(h). What is g(k)?
-4
Let g(d) = -5*d + 30. Let j = -2768 + 2773. What is g(j)?
5
Let f(t) be the second derivative of t**3/2 + 11*t**2/2 + 99*t + 2. Give f(-6).
-7
Let y(w) = w**3 + 11*w**2 + 9*w - 13. Let f = -457 - -447. What is y(f)?
-3
Suppose -40*o + 51*o + 22 = 0. Let x(r) = 13*r + 1. Give x(o).
-25
Suppose -v + 10 = -x + 4*x, 5*v - 3*x - 14 = 0. Suppose l - v = 4*q - 3, -2*l - 2 = -4*q. Let u(r) = -5*r - 3. Calculate u(l).
12
Let n(a) = -3*a**2 - 4 - 3*a + 3*a**3 + a**3 - 3*a**3. Calculate n(4).
0
Let h be 51/(-9) + 0 - 6/(-9). Let k be 1/(-4) - h*(-55)/100. Let j(s) = 3*s + 4. Calculate j(k).
-5
Let h be (2 - (-28)/18*-3)*3. Let s(v) = v**3 + 6*v**2 - 7*v + 9. Let l be s(-7). Let q(n) = -n**3 + 0*n**3 - 11*n - 11 - l*n**2 + 2*n. Determine q(h).
-3
Suppose w = 5 + 3. Suppose 0*u - 5*u + 28 = 2*x, -2*u = 4*x - w. Let m(i) = -i**3 + 7*i**2 - 4*i - 5. Determine m(u).
7
Let w(c) be the second derivative of 7*c**6/360 - c**4/24 - 13*c**3/6 - 20*c. Let u(z) be the second derivative of w(z). Calculate u(1).
6
Let n(l) be the first derivative of 6 + 2*l - 3*l**2 + 1/3*l**3. Suppose 3*k - 24 = -0*k - 3*q, -q - 16 = -5*k. Determine n(k).
-6
Let h be (10 - 5) + (-9)/3. Suppose h*b = 4*c - 18, 13 + 5 = -5*b + c. Let v(y) = -y**2 + 2*y + 4. Determine v(b).
-11
Let f(q) = 4*q**2 + 20*q - 2. Let z be f(-5). Let x(l) = 3*l**3 - l**2 + 2*l + 3. Calculate x(z).
-29
Suppose -4 - 2 = -i. Let h(a) = -a**3 + 12*a**2 - a + 12. Let g(u) be the first derivative of -u**3/3 - u + 16. Let n(t) = 6*g(t) + h(t). What is n(i)?
0
Let h(o) = 5*o**2 - 5. Let q be 4*1/2 - (-9)/3. Let w(g) = 4*g**2 - g - 5. Let n(j) = q*h(j) - 6*w(j). Calculate n(-6).
5
Let b(z) = -10*z**2 - 5*z - 2. Let j be b(-2). Let y = -20 - j. Let m = 18 - y. Let w(q) = -q**3 + 5*q**2 + 5*q + 4. Give w(m).
-2
Let l(v) = -v**3 - 3*v - 1. Suppose 0 = -19*a + 36*a + 51. Determine l(a).
35
Let d(q) = 16*q**2 - 11*q + 8. Let g(j) = 13*j**2 - 9*j + 7. Let a(v) = 3*d(v) - 4*g(v). Give a(2).
-14
Let o(g) be the second derivative of -g**3/3 + 13*g**2/2 - 2*g - 19. Let m be -1*-2*9/6. Suppose -3*c + 31 = -4*j, -12 = 4*c + m*j - 45. Calculate o(c).
-5
Let x(i) = -i - 10. Suppose -3*t + 5*t - 40 = 0. Let h be t/16*(5 + -1). Let m(a) = a**2 - 5*a - 7. Let y be m(h). Determine x(y).
-3
Let v(j) = 11*j**2 + 14*j - 8. Let b(q) = -7*q**2 - 9*q + 5. Let p(s) = -8*b(s) - 5*v(s). Let l be 4*(3/2)/(-3). Determine p(l).
0
Suppose -5*m + 22 = 3*j, 2*m - 2 = 8. Let a be (j/((-1)/(-6)))/(-2). Suppose x = 4*q + 6 + 16, 11 = a*x - q. Let p(s) = -s + 4. Give p(x).
2
Let m(v) = 3*v + 12. Let i be m(-8). Let x be i/(-10)*30/4. Let g(r) = r**2 + 8 - 15 + x. Give g(2).
6
Let l(h) = 36 - 72 + h - 4*h + 23 + 23. Give l(2).
4
Let j(l) = -8*l - 3. Let o be 1 + 0 + 8/8. Determine j(o).
-19
Let y(i) = -9*i + 22. Let o(x) = 3*x - 8. Let z(m) = -8*o(m) - 3*y(m). Let d = 0 - -3. Give z(d).
7
Let t = -37 - -42. Suppose -t*x + 3*x = 10. Let v(r) = 3*r**2 - r + 3*r + 0*r - 2*r**2 - 2. Determine v(x).
13
Let p(x) = 2*x**3 - 5*x**2 + 5*x - 2. Let k(n) = -n**3 + 5*n**2 - 5*n + 1. Let s(w) = -3*k(w) - 2*p(w). Give s(-6).
7
Let u be 4/28 - (-40)/14. Suppose -12 = q + u*q. Let o(n) = -n**3 - n**2 + 5*n + 3. Calculate o(q).
6
Let o(n) be the second derivative of -7*n - 1/12*n**4 + 3/2*n**2 + 0 + 1/3*n**3. Calculate o(4).
-5
Let k(l) = -5*l + 1. Let u be k(-1). Suppose 2 = -2*z, 6 + 1 = 5*f + 3*z. Let s(j) = 39*j**2 - 24*j**2 - 7*j - 14*j**f. What is s(u)?
-6
Let b(n) = n**3 + 17*n**2 - 18*n - 4. Let l(h) = -2*h**3 - 35*h**2 + 37*h + 7. Let w(m) = -13*b(m) - 6*l(m). Give w(-12).
10
Let u = -142 + 140. Let y(p) = -p**3 - 2 + 2*p**2 - 2*p - 6*p**2 - p**2. Give y(u).
-10
Suppose 0 = 2*v - 5*i - 2, 4*i - 1 - 4 = -5*v. Let b(m) = 4*m**2 - 9*m. Let x(p) = -5*p**2 + 12*p. Let y(s) = -4*b(s) - 3*x(s). What is y(v)?
-1
Let r(u) = 0 + 5*u - 7 + 13 - 7*u. Give r(7).
-8
Let a(m) = -1 + 9284*m - 4643*m - 4646*m. Determine a(4).
-21
Let j(v) be the third derivative of -v**5/60 - v**4/8 + v**3/2 + 155*v**2. What is j(-3)?
3
Let x(w) = 2*w - w - w**2 + w - 1 + 0. Calculate x(-2).
-9
Let i(m) = -7*m - 8*m + m**2 + 3*m + 6*m. Let x be ((-10)/4)/(2/(-4)). Calculate i(x).
-5
Let r(x) = x - 8. Suppose -5*b + n - 12 = -37, -3*b + 15 = n. Determine r(b).
-3
Let m(n) = -2*n**2 - 6*n**2 + 7*n**2 - 6*n + 10. Let r(f) = -f**3 - f**2 + 3*f - 1. Let k be r(2). Determine m(k).
3
Let l(w) = -w**3 - 3*w + 2. Suppose 8*v + 11 = 51. Suppose 0 = v*m - 21 + 11. What is l(m)?
-12
Let j(m) be the third derivative of -m**5/60 + m**4/8 + 5*m**3/6 + 77*m**2. Give j(-2).
-5
Suppose 5*a = -3*t + 27, -12*a = -8*a + 3*t - 21. Let s(k) = -k**3 + 4*k**2 + 13*k - 13. Give s(a).
-7
Let u(d) = -2*d - 6*d + 17*d - 7*d. Let s = -12 - -20. Let o be (-2)/(-8) + 14/s. Give u(o).
4
Let l(s) be the third derivative of s**4/12 - s**3/6 + 19*s**2. Let j(r) = r + 11. Let q be j(-6). Suppose 5*y + q*f - 14 = 2*f, f = 2*y + 1. What is l(y)?
1
Let v(m) be the third derivative of m**5/60 + m**4/24 - 5*m**2. Suppose -3*i - 66 = 177. Let c be 38/(-9) + (-18)/i. What is v(c)?
12
Let v(b) be the second derivative of -b**6/144 + b**5/20 - 17*b**4/6 - 27*b. Let j(t) be the third derivative of v(t). Determine j(4).
-14
Let h(y) = -y**2 + y - 2. Suppose -10*n = -87 + 77. Calculate h(n).
-2
Let m(f) be the third derivative of 0*f**3 + 0*f - 1/12*f**4 + 0 - 29*f**2. Give m(1).
-2
Let a(o) = o**2 + 5*o - 22. Let n be a(-8). Let i(c) be the third derivative of 0 - 1/60*c**5 + 0*c + 3/2*c**3 + 0*c**4 - 5*c**n. What is i(0)?
9
Let f(n) be the first derivative of -8 - 3/2*n**2 + 17*n. Let b(g) = 2*g - 8. Let z(o) = -5*b(o) - 3*f(o). What is z(-8